x - ((-8)/7)/(-2)?
3, 5
Suppose -2 = 2*a - a, n = 4*a + 17. Suppose 0 = n*x + 381 - 1794. What are the prime factors of x?
157
List the prime factors of 0 + (-3)/8 + ((-88486)/(-16) - 12).
2, 31, 89
Suppose 2876979 = 97*o - 3156324. What are the prime factors of o?
3, 6911
Let s = 112641 + -66613. What are the prime factors of s?
2, 37, 311
Suppose 4*r - 5*r - 4 = -z, -5*z + 4*r = -18. Suppose -2*s - 5*m + 793 = 0, -3*s + 2*m + 1127 = -3*m. Suppose -4*i + s = -z*i. What are the prime factors of i?
2, 3
What are the prime factors of (-582306)/(-305) + (-33)/15?
1907
Suppose -11*v = -v - 40. Suppose v*w = -5*m + 3455, -8*w + 10*w - 1732 = -4*m. What are the prime factors of w?
2, 5, 43
Let k(r) = -8*r**3 - 122*r**2 + 16*r + 10. List the prime factors of k(-21).
2, 5, 499
Let z(q) = 10*q**3 + 17*q**2 - 21*q + 34. List the prime factors of z(7).
2, 5, 83
Let y(u) = -u**3 - 2*u**2 + 5*u + 3. Let t be y(-4). List the prime factors of (-18)/t + 2 + 2733/15.
3, 61
Suppose 0 = -4*b + 4*r + 12, -b + 2*r + 4 = -0*r. Suppose -n - 3 = 0, 4*f + 5*n = b*n + 1579. What are the prime factors of f?
397
Suppose 5*g - 1 = 4*u - 122, -u - 5*g - 1 = 0. Let h = u - 22. Suppose 5*b - 84 = h*b. List the prime factors of b.
2, 7
Let p(h) = -h - 6*h - 15*h - h - 61. Let n(z) = -12*z - 31. Let s(l) = 5*n(l) - 3*p(l). What are the prime factors of s(8)?
2, 5
Suppose 0*c + 2257 = 3*i + c, 4*i = -5*c + 3024. Suppose 2*k = -f + 38 + 211, -i = -3*f - 5*k. List the prime factors of f.
257
Suppose 4989*w - 5009*w = -396520. List the prime factors of w.
2, 23, 431
Let j(h) be the third derivative of -h**6/120 + 7*h**5/60 + h**4/8 - 4*h**3/3 - 20*h**2. Let d be j(6). Suppose b - 14 = d. What are the prime factors of b?
2, 3, 5
Suppose 98*l - 449290 = 88*l. List the prime factors of l.
179, 251
Let y = 489 - -5. Suppose 486 = 5*m - y. What are the prime factors of m?
2, 7
Suppose 3*x - 11175 = -2*p, 0 = 5*x + 4*p - 7*p - 18644. What are the prime factors of x?
3727
Suppose -5*z = -g + 2123, -3*z - 3*g - 1445 + 164 = 0. Suppose -55*u = -69*u - 2212. Let k = u - z. What are the prime factors of k?
3, 89
Let u(r) = -46*r - 45. Let q be u(13). Let k = q + 1003. What are the prime factors of k?
2, 3, 5
Suppose 4*a - 3*a = 5*o + 58, 3*a + 2*o = 140. Let x be (-3)/(3/(-2)) - -35. Let l = a - x. What are the prime factors of l?
11
Let a = 322 + -111. Suppose i - a = 2*u, 5*i - 745 - 298 = -2*u. Suppose 3*w - i = -0*w + 4*r, 3*w - 241 = -4*r. List the prime factors of w.
3, 5
Let a(s) = 393*s**2 - 235*s - 2226. What are the prime factors of a(-9)?
2, 3, 17, 311
Let s(p) = 2*p**2 + 32*p + 24. Let h be s(-8). Suppose -2*n + 5*n - 48 = 0. List the prime factors of (h/(-6))/(n/120).
2, 5, 13
Suppose 2*o - 5*m - 8941 = 0, -o - 4*m + 4469 = -5*m. List the prime factors of o.
2, 1117
Let k(q) = -105*q**3 - 16*q**2 + 15*q + 31. List the prime factors of k(-5).
3, 1409
Let a(c) = 4*c + 28. Let i be a(-6). Suppose -2*z + 0*o + 24 = 4*o, 0 = 3*z - i*o - 86. What are the prime factors of (z/8)/(1/40*2)?
5, 11
Let b = 50463 - -12736. List the prime factors of b.
63199
Let s(r) = 63 - 3*r - 13*r + 35*r - 14*r. Let q be s(-12). Suppose -q*f - 286 = -5*o + 194, -2*f = 2*o - 176. List the prime factors of o.
3, 31
Let c(d) = -380*d + 27. Suppose -5 - 25 = 15*j. What are the prime factors of c(j)?
787
Let m(n) = 6*n + 41. Let i be m(-7). Let y be (3 + -6 + 0 - 580)*i. Suppose 4*k - y = 189. List the prime factors of k.
193
Let k(q) = 24*q**2 - 17*q + 8*q + 34*q - 51 + 0*q**3 - q**3. List the prime factors of k(24).
3, 61
Suppose -4*g + 32 = -0*g - 3*s, -2*s - 16 = -2*g. Suppose -g = 11*x - 5398. Suppose -91 = -7*c + x. What are the prime factors of c?
83
Suppose -3*b + 1 = 2*m, 2*m - 5*b + 9 = 2. Let z(y) = -16*y**2 + y + 1. Let q be z(m). What are the prime factors of (84 - -4)*(-20)/q?
2, 5, 11
Let r(t) = 4*t**2 + 5*t - 2. Let g(h) = h - 1. Let w(p) = 5*g(p) + r(p). Suppose -5*d - 24 = -d. What are the prime factors of w(d)?
7, 11
Let g = -816 + 3918. List the prime factors of g.
2, 3, 11, 47
Let l(s) = 123*s**2 + 312*s - 3492. List the prime factors of l(11).
3, 61
Let d(z) = z + 2. Let r(f) = 4*f + 104. Let w(k) = -3*d(k) - r(k). List the prime factors of w(-20).
2, 3, 5
Let p be (-3)/6 + (-7081)/(-2). Suppose -6*n + p = -2*n + 4*g, -4*n + 3538 = 2*g. Suppose -n + 194 = -5*m. What are the prime factors of m?
2, 3, 23
Let y(h) = -6*h + 24 + 2*h**2 - 50 + 46. What are the prime factors of y(4)?
2, 7
Let k = -457 + 466. Suppose 0 = -5*m - k*u + 8*u + 1547, 2*m = 5*u + 608. What are the prime factors of m?
3, 103
Let g = 15 + -12. Let f be (-3)/((-1)/(-36)*g). Let n = -31 - f. What are the prime factors of n?
5
Suppose -18*h - 146 = 484. List the prime factors of 6/(-14) + -6 + (-9885)/h.
2, 3, 23
Let m = 93459 + -39438. List the prime factors of m.
3, 11, 1637
Suppose 2*v + 4 = 2*t, -2*t - 3 = 4*v - 25. Suppose -v*n + 1048 + 20 = 0. Suppose -5*q - n = -9*q. List the prime factors of q.
89
Let k(x) = 52*x**2 - 64*x - 929. What are the prime factors of k(-18)?
43, 397
Suppose 38*v + l - 69615 = 36*v, v = 2*l + 34790. List the prime factors of v.
2, 7, 11, 113
Let m(j) = 4*j - 28. Let v be m(11). Let s(u) = -22 + 6*u**2 + 6*u**2 + 8*u**2 + 23*u - u**3 - 5*u**2. What are the prime factors of s(v)?
2, 3, 5
Let l(i) = 29*i**2 - i - 9. Let k be l(4). Suppose 3*s - 1135 = -4*v, -41 = s - 5*v - k. Suppose -s = -7*b + 2*b. What are the prime factors of b?
7, 11
Suppose -36 = 264*p - 267*p. Suppose -4*g + 1264 = p*g. What are the prime factors of g?
79
List the prime factors of (2578/(-6))/(((-3)/18)/(45/30)).
3, 1289
Let z = 4008 + 9669. What are the prime factors of z?
3, 47, 97
Let f(j) = -85*j + 1465. List the prime factors of f(-81).
2, 5, 167
Let f be (-3*2/4)/((-9)/84). Let r = -10 + f. What are the prime factors of (4 + -7 + r)*91?
7, 13
Suppose 0 = 5*h - 3*x - 168506, -134792 = 43*h - 47*h + 4*x. What are the prime factors of h?
2, 19, 887
Suppose -2*w - 732 = 5*m + 32, 0 = 4*w + 5*m + 1508. What are the prime factors of 10/(-2) - (-38 + w)?
3, 5
What are the prime factors of (-67)/(-268)*(1 - 0)*1529244/9?
107, 397
Let m be (-39)/(-9) + 3/(-9). Let p(f) = -f**2 + f - 1. Let b(y) = 11*y**2 - 2*y - 5. Let k(g) = b(g) - 2*p(g). What are the prime factors of k(m)?
3, 7
Suppose 0 = 14*j - 2*j - 144. Suppose 3*c = -j, 4*v - c + 60 = -4*c. List the prime factors of 2*1 - -16*(-66)/v.
2, 3, 5
Suppose -21 = -16*m + 9*m. Suppose -2*u - 3*u - 63 = -m*q, 0 = 2*u - 2*q + 26. Let v = u + 61. What are the prime factors of v?
7
Let x = -630 - -623. List the prime factors of (4774/(-21))/(1 - x/(-6)).
2, 11, 31
Let z = 4984 - 1686. Let s = z - 1542. What are the prime factors of s?
2, 439
Suppose 5*l + 3*p + 462 = 0, -3*p = -l - p - 82. Let q be (88/(-10))/((-9)/l). Let w = q - -103. What are the prime factors of w?
3, 5
Suppose -11073 = -2*q - s + 7699, 37540 = 4*q + s. What are the prime factors of q?
2, 3, 17, 23
Let h be 70/210 + 10/6. List the prime factors of (-322)/(-92) - (-597)/h.
2, 151
Suppose -2*x = -2*c + 1 + 989, x + 4*c + 515 = 0. Let n = 570 + x. List the prime factors of n.
71
Suppose 21679 - 55328 = -7*y + 229110. List the prime factors of y.
37537
Suppose 0 = 140*a - 207192 - 1248388. What are the prime factors of a?
37, 281
Let c(q) be the second derivative of -q**5/20 + 5*q**4/6 - 13*q**3/6 + 3*q**2/2 + 4*q. Let j = 26 + -20. What are the prime factors of c(j)?
3, 23
Suppose -4*a = 2*i - 0*i - 2, -5*i = -3*a + 34. List the prime factors of (16/(-4) + 65)*a.
3, 61
Let q be (3*4/(-6))/((-4)/6). Suppose -484 = -3*h + 2*w + 2*w, 850 = 5*h + 2*w. Suppose -y = -2*i + h, -i + 330 = q*i + y. What are the prime factors of i?
83
Let i be 10/30*(6 - 0). Suppose -3*v + 0*v = p - 11, 0 = -i*v - 3*p + 19. Suppose 0 = 3*z - v*f - 422, -3*z + 4*f = -7*z + 576. List the prime factors of z.
2, 71
Let p(a) = -531*a - 11565. What are the prime factors of p(-82)?
3, 11, 17, 19
Suppose 4*y - 29760 = -d, 4*y - 3*d + 6*d - 29768 = 0. What are the prime factors of y?
43, 173
Let d(z) = -z + 27. Suppose -3*o - 2 = 1, -3*o - 21 = -2*k. List the prime factors of d(k).
2, 3
Let a = 372 - 359. Suppose -11*u - 1638 = -a*u + o, -3*o = u - 833. List the prime factors of u.
821
Suppose 85 = 6*f - f. Suppose -3*p = 2*i - f, 4*i - 2*